t t be y/(-22) - 8001/(-99). What is the greatest common divisor of t and 9?
9
Suppose -26 + 6 = -5*b. Suppose -b*i + 11 = -21. Let w = i + 0. Calculate the greatest common factor of w and 88.
8
Suppose 0 = -5*i - 20, 0*a + i = -2*a + 382. Let z be (-2)/(-5) + a/5. Calculate the highest common divisor of 117 and z.
39
Suppose -2*m = -4*q + 3*m + 43, -3*q = 5*m - 41. Let p be (-135)/(-7) - q/42. What is the highest common divisor of 38 and p?
19
Suppose -14*u = -9*u - 5, 545 = 5*a + 5*u. Calculate the highest common divisor of 48 and a.
12
Let c(o) = o + 165. Let r be c(0). Suppose 37 = 3*j - 2*k, -j + 4*k - 2 = -1. What is the greatest common divisor of r and j?
15
Let i = -62 - -89. Let a be 14 - (-3)/((-3)/(-4)). Calculate the highest common divisor of a and i.
9
Let b be (-5 + (-58)/(-8))*(-352)/(-6). Suppose 0 = -11*z + 8*z + b. Let o(k) = k**3 - k + 110. Let v be o(0). Calculate the highest common factor of z and v.
22
Suppose -4*w - 14 = x, 2*x + 12*w - 17 = 13*w. Calculate the highest common factor of x and 1146.
6
Let x = 116 + -46. Let s = -67 + x. What is the greatest common factor of s and 2?
1
Suppose 11*p + 44 = 7*p. Let v(g) = -4*g - 23. Let x be v(p). Suppose 3*y - 18 - x = 0. What is the greatest common divisor of y and 143?
13
Suppose 185 = 4*v - 5*l, 20 + 205 = 5*v - 5*l. Suppose p + 4 = v. What is the highest common factor of 90 and p?
18
Let l = 77 - -19. Suppose 0 = 5*g - l + 1. Let j = 34 - g. Calculate the highest common divisor of 5 and j.
5
Let t be 8/(-2) - -42*(7 - 6). What is the highest common divisor of 114 and t?
38
Let u be 5/(-30) + 38/12. Suppose 2*k = -u*k + 25. Let l(o) = -9*o - 14. Let x be l(-6). What is the greatest common factor of x and k?
5
Let v(g) = g**2 - g - 2. Let o be v(0). Let x = o + 4. Suppose -p + 2 = 0, -3*f + 276 = 4*p - x. What is the greatest common factor of 36 and f?
18
Let y = -28 - -31. Suppose -j + l - 2*l = -y, 0 = -5*l - 10. What is the highest common divisor of 40 and j?
5
Suppose 19*m - 23*m = -144. Let i(k) = k**3 - 9*k**2 - 11*k + 10. Let q be i(10). Suppose -4*l + 61 + 11 = q. What is the greatest common divisor of m and l?
18
Let s(b) = -b**3 + 7*b**2 + 7*b + 4. Let v be s(8). Let y = 3 + v. Let d = 8 + y. Calculate the greatest common factor of 35 and d.
7
Suppose 11*f = -f - 192. Let u(q) = -q**3 - 15*q**2 + 17*q + 19. Let o be u(f). What is the greatest common factor of o and 48?
3
Suppose n = -3*n + 20, 135 = -r - 2*n. Let g = -60 - r. What is the highest common factor of g and 5?
5
Let f be (((-8)/(-6))/2)/((-8)/(-48)). Suppose 576 = f*t + 4*t. What is the greatest common factor of 24 and t?
24
Let s(c) = -c**3 + 2*c**2 - 6*c - 15. Let x be s(-3). What is the greatest common factor of 324 and x?
12
Let b(r) = 3*r**3 - 37*r**2 - 27*r + 28. Let f be b(13). Calculate the greatest common divisor of f and 135.
15
Suppose 5*p = f + 2*p - 280, 2*f + p - 595 = 0. Suppose 3*n - f - 161 = 0. What is the greatest common divisor of 19 and n?
19
Suppose -43*s - 100 = -47*s. What is the highest common factor of 10 and s?
5
Let b(t) = t**2 + 2*t + 1. Let s be b(-2). Let h be -3 - (s + 0 + -7). Suppose h*q = -0*q + 270. Calculate the highest common divisor of 36 and q.
18
Let f = 150 - 70. Suppose -5*g = -g - 188. Suppose -2*x = 3*c - g, -x + 63 = 2*x + 3*c. What is the highest common divisor of x and f?
16
Let y(p) = 3*p**2 - 2*p + 1. Let w be y(3). Let v = -20 + w. Calculate the greatest common factor of v and 30.
2
Let c = 548 + -491. Calculate the highest common factor of c and 456.
57
Let j be 3/((-3)/(-73)) + 4. Suppose 3*k - 13 - 5 = -3*a, 5*a - 8 = -3*k. What is the highest common factor of j and k?
11
Let t be (2/(-4))/(510/(-36) + 14). Calculate the highest common factor of 6 and t.
3
Let i be (-1 - (-5 - -5)) + 29. Suppose -252 = 4*o - 7*o. What is the highest common factor of i and o?
28
Suppose 3*m = 2*u - 2 + 7, -m = u - 5. Let x be 31*m*1/(-3). Let q = -26 - x. What is the greatest common factor of 5 and q?
5
Let d(l) = l**3 - 44*l**2 - 88*l - 149. Let w be d(46). Calculate the greatest common divisor of w and 7.
7
Let x be ((-80)/(-2) - -4)*-8. Let z be (x/24)/(4/(-6)). What is the highest common divisor of 22 and z?
22
Suppose -3184 + 3800 = 4*d. Calculate the greatest common factor of 56 and d.
14
Let w be 445 - 66/(-2 - 9). What is the greatest common factor of 11 and w?
11
Let l be 2/5 - 610/25. Let p be 12/20 - l/10. Suppose g - p*g + 5*v + 278 = 0, -5*g + 714 = -3*v. What is the greatest common factor of 16 and g?
16
Suppose 0 = 173*y - 183*y + 210. What is the highest common factor of 21 and y?
21
Let j(q) = q**2 + 6*q - 3. Let v be j(-6). Let y be 1/(1*v/(-6)). Let u be ((-81)/(-6) - 3)*y. What is the greatest common divisor of u and 147?
21
Let t = -756 + 986. Calculate the highest common divisor of t and 70.
10
Let h be (2 - 2) + 0 + 10. Let u(b) = -b**3 - 12*b**2 + 65*b + 26. Let w be u(-16). What is the greatest common divisor of h and w?
10
Let v(r) = -24*r - 181. Let k be v(-9). What is the greatest common factor of k and 175?
35
Suppose -4*o + 3*u = -85, -4*o - u = -o - 80. Let q = 13 + 87. Calculate the greatest common factor of o and q.
25
Let b be 216*4/48*4. Calculate the highest common factor of 324 and b.
36
Let y(p) = -p + p**2 - 6*p - 160*p**3 + 161*p**3 - 3. Let r be y(-3). Suppose r = -w + 5*w - 532. Calculate the highest common factor of 19 and w.
19
Let l(u) = u**3 + 27*u**2 - 4*u - 103. Let c be l(-27). Calculate the highest common divisor of 25 and c.
5
Let c be (-556)/(-6) - (-6)/18. Let t be 3 + c/3 - 2. Suppose -2*i - i = -24. Calculate the greatest common divisor of i and t.
8
Let b(m) = -11*m + 113. Let u be b(9). What is the greatest common divisor of 14 and u?
14
Let k(o) = 52 + 41 - 103 - o. Suppose 3*y = 5*p - 4*p + 15, -43 = 4*p + 5*y. Let v be k(p). Calculate the highest common divisor of 5 and v.
1
Let u = -40 + 50. Suppose 2*s - 110 + u = 0. Calculate the highest common factor of 20 and s.
10
Let n be -2*1 + (-15)/(-5). Let a = -1 - -5. Let m be (a - 7) + 5*n. What is the highest common divisor of 2 and m?
2
Let i = -15 + 33. Suppose -3*c - 2*c = -5*x + 160, 4*x - 2*c - 118 = 0. Let s = -18 + x. What is the greatest common divisor of s and i?
9
Let z = -221 + 283. Let f(w) = 6*w + 2. Let s be f(-6). Let d = s + z. What is the greatest common factor of d and 4?
4
Let s be 1*(-1 - -1)/2. Suppose s = -2*f + 11 + 41. What is the highest common divisor of 234 and f?
26
Suppose -4*z - 5*a + 81 = 0, 2*z + 3*z = -a + 96. Calculate the greatest common divisor of 38 and z.
19
Suppose c + 162 = -44*b + 49*b, -120 = -4*b + 4*c. What is the greatest common divisor of 242 and b?
11
Let b be (-9 - -8)/(1/(-648)). Suppose 4*l - 4*q = 105 + 435, 5*l + 4*q = b. What is the greatest common divisor of l and 12?
12
Let f be (39/(-12))/((-1)/8). Suppose 3*q = 5*q - 8. Let i be ((-520)/(-12))/(q/6). Calculate the greatest common divisor of i and f.
13
Let m be ((-7372)/171)/((-2)/9). What is the highest common factor of m and 97?
97
Let m = -124 + 44. Let i be (-1)/(-1*(-1)/m). Let k be 1 - ((-260)/14 + 30/(-70)). What is the greatest common divisor of i and k?
20
Suppose -3*g = -6, -f = -g - 2*g. Suppose -f*m + 401 = 101. Calculate the greatest common factor of m and 250.
50
Let n = 1416 + -1326. What is the greatest common factor of n and 2610?
90
Let a be (-6 - 75/(-10))/(3/100). Suppose 7*i - 2*i = 0. Let v(h) = h**2 + 10. Let n be v(i). What is the greatest common factor of n and a?
10
Let n be 42/4 - (-2)/4. Suppose -22*j - j = 2806. Let x = j - -199. Calculate the highest common factor of n and x.
11
Let k = -38 - -43. Suppose k*s = 8*s - 21. What is the greatest common factor of 35 and s?
7
Let g(p) = p - 11. Let w(a) = -a. Let k(z) = g(z) - w(z). Suppose -40*c + 9*c + 341 = 0. Let o be k(c). Calculate the highest common factor of 44 and o.
11
Let r be (564/42)/(132/42 + -3). What is the highest common divisor of 6 and r?
2
Let z = 276 - 107. Calculate the highest common divisor of z and 13.
13
Let m(o) = -1689*o**3 + 2 + 1690*o**3 + 9*o**2 - 3*o + 1. Let z = -19 + 10. Let n be m(z). What is the greatest common factor of n and 10?
10
Let m(i) = -10*i**2 - 3. Let v be m(3). Let y = 99 - v. Calculate the highest common divisor of 12 and y.
1